{"id":102,"date":"2014-03-21T16:10:49","date_gmt":"2014-03-21T16:10:49","guid":{"rendered":"http:\/\/demo.themegrill.com\/spacious\/?page_id=102"},"modified":"2021-04-21T12:55:33","modified_gmt":"2021-04-21T10:55:33","slug":"nutricion-clinica-y-especializada","status":"publish","type":"page","link":"https:\/\/manuelportela.es\/nutricionista\/unidades-de-nutricion\/nutricion-clinica-y-especializada\/","title":{"rendered":"Nutrici\u00f3n cl\u00ednica y especializada"},"content":{"rendered":"\n<h3 class=\"has-text-align-center\"><strong>Protocolos cl\u00ednicos en el tratamiento de cambios alimenticios en patolog\u00edas agudas o cr\u00f3nicas. <\/strong><\/h3>\n\n\n\n<h3 class=\"has-text-align-center\"><strong>Nutrici\u00f3n adaptada en todos los estadios de la vida.<\/strong><\/h3>\n\n\n\n<hr class=\"wp-block-separator is-style-wide\"\/>\n\n\n\n<div class=\"wp-block-columns\">\n<div class=\"wp-block-column\">\n<figure class=\"wp-block-image size-large is-resized\"><img loading=\"lazy\" src=\"https:\/\/manuelportela.es\/nutricionista\/wp-content\/uploads\/2021\/02\/especializada-800x800-1.jpg\" alt=\"\" class=\"wp-image-1140\" width=\"619\" height=\"619\" srcset=\"https:\/\/manuelportela.es\/nutricionista\/wp-content\/uploads\/2021\/02\/especializada-800x800-1.jpg 800w, https:\/\/manuelportela.es\/nutricionista\/wp-content\/uploads\/2021\/02\/especializada-800x800-1-300x300.jpg 300w, https:\/\/manuelportela.es\/nutricionista\/wp-content\/uploads\/2021\/02\/especializada-800x800-1-150x150.jpg 150w, https:\/\/manuelportela.es\/nutricionista\/wp-content\/uploads\/2021\/02\/especializada-800x800-1-768x768.jpg 768w, https:\/\/manuelportela.es\/nutricionista\/wp-content\/uploads\/2021\/02\/especializada-800x800-1-270x270.jpg 270w, https:\/\/manuelportela.es\/nutricionista\/wp-content\/uploads\/2021\/02\/especializada-800x800-1-230x230.jpg 230w, https:\/\/manuelportela.es\/nutricionista\/wp-content\/uploads\/2021\/02\/especializada-800x800-1-45x45.jpg 45w\" sizes=\"(max-width: 619px) 100vw, 619px\" \/><\/figure>\n<\/div>\n\n\n\n<div class=\"wp-block-column is-vertically-aligned-top\">\n<p class=\"has-medium-font-size\">En esta unidad asistencial, abordamos con rigor cl\u00ednico y cient\u00edfico,  los tratamientos diet\u00e9tico-nutricionales adaptados a diferentes patolog\u00edas, en las cuales una buena nutrici\u00f3n es b\u00e1sica para que se mejore el estado de salud. <\/p>\n\n\n\n<p class=\"has-medium-font-size\">Estos procedimientos nutricionales son complementos ideales y claves para la mejora del estado de salud de las personas. <\/p>\n\n\n\n<p class=\"has-medium-font-size\">Tenemos experiencia contrastada en tratar diversas patolog\u00edas, que tienden a mejorar s\u00edntomas con buenos h\u00e1bitos nutricionales. <\/p>\n\n\n\n<p class=\"has-medium-font-size\">Existe suficiente evidencia cient\u00edfica contrastada como para poder asegurar que una mejora en los h\u00e1bitos de alimentaci\u00f3n y un estilo de vida saludable contribuyen a una mejora significativa en la evoluci\u00f3n de los pacientes con este tipo de patolog\u00edas.<\/p>\n\n\n\n<div class=\"wp-block-columns\">\n<div class=\"wp-block-column\">\n<p class=\"has-medium-font-size\">Adem\u00e1s, resulta imprescindible evaluar y medir los cambios que progresivamente se suceden a lo largo de estos tratamientos. <\/p>\n\n\n\n<p class=\"has-medium-font-size\">Para ello, nos ayudamos de diversos medios y herramientas, que permiten medir de forma cuantitativa la evoluci\u00f3n que siguen nuestros pacientes, desde la primera consulta hasta que se alcanzan los objetivos deseados.<\/p>\n<\/div>\n<\/div>\n<\/div>\n<\/div>\n\n\n\n<div class=\"wp-block-columns\">\n<div class=\"wp-block-column\" style=\"flex-basis:100%\">\n<div class=\"wp-block-columns\">\n<div class=\"wp-block-column\">\n<h3 class=\"has-text-align-center\">\u00bfQu\u00e9 patolog\u00edas tratamos?<\/h3>\n<\/div>\n\n\n\n<div class=\"wp-block-column\">\n<h3 class=\"has-text-align-center\">\u00bfQu\u00e9 medios utilizamos?<\/h3>\n<\/div>\n<\/div>\n\n\n\n<div class=\"wp-block-columns\">\n<div class=\"wp-block-column\">\n<figure class=\"wp-block-pullquote\"><blockquote><p>Obesidad y sobrepeso<\/p><p>Diabetes<\/p><p>Hipertensi\u00f3n<\/p><p>C\u00e1ncer<\/p><p>Problemas digestivos como dispepsias<\/p><p>Hepatopat\u00edas<\/p><p>S\u00edndrome de intestino irritable<\/p><p>Intolerancias alimentarias<\/p><p>S\u00edndrome de Ovario Poliqu\u00edstico (SOP)<\/p><p>Endometriosis<\/p><\/blockquote><\/figure>\n<\/div>\n\n\n\n<div class=\"wp-block-column\">\n<figure class=\"wp-block-pullquote\"><blockquote><p>Men\u00fas adaptados y personalizados para los pacientes<\/p><p>Seguimiento  peri\u00f3dico<\/p><p>Analizador de composici\u00f3n (TAMITA-MC780MA)<\/p><p>Tall\u00edmetros &#8211; Estadi\u00f3metros<\/p><p>Cintas m\u00e9tricas calibradas<\/p><p>Antrop\u00f3metros<\/p><p>Dinam\u00f3metros<\/p><p>Plic\u00f3metros<\/p><p><\/p><\/blockquote><\/figure>\n<\/div>\n<\/div>\n\n\n\n<div class=\"wp-block-columns\">\n<div class=\"wp-block-column\" style=\"flex-basis:100%\">\n<p class=\"has-medium-font-size\"><\/p>\n<\/div>\n<\/div>\n<\/div>\n<\/div>\n\n\n\n<div style=\"height:50px\" aria-hidden=\"true\" class=\"wp-block-spacer\"><\/div>\n","protected":false},"excerpt":{"rendered":"<p>Protocolos cl\u00ednicos en el tratamiento de cambios alimenticios en patolog\u00edas agudas o cr\u00f3nicas. Nutrici\u00f3n adaptada en todos los estadios de la vida. En esta unidad asistencial, abordamos con rigor cl\u00ednico y cient\u00edfico, los tratamientos diet\u00e9tico-nutricionales adaptados a diferentes patolog\u00edas, en<\/p>\n","protected":false},"author":1,"featured_media":1198,"parent":92,"menu_order":1,"comment_status":"closed","ping_status":"closed","template":"","meta":[],"_links":{"self":[{"href":"https:\/\/manuelportela.es\/nutricionista\/wp-json\/wp\/v2\/pages\/102"}],"collection":[{"href":"https:\/\/manuelportela.es\/nutricionista\/wp-json\/wp\/v2\/pages"}],"about":[{"href":"https:\/\/manuelportela.es\/nutricionista\/wp-json\/wp\/v2\/types\/page"}],"author":[{"embeddable":true,"href":"https:\/\/manuelportela.es\/nutricionista\/wp-json\/wp\/v2\/users\/1"}],"replies":[{"embeddable":true,"href":"https:\/\/manuelportela.es\/nutricionista\/wp-json\/wp\/v2\/comments?post=102"}],"version-history":[{"count":31,"href":"https:\/\/manuelportela.es\/nutricionista\/wp-json\/wp\/v2\/pages\/102\/revisions"}],"predecessor-version":[{"id":1544,"href":"https:\/\/manuelportela.es\/nutricionista\/wp-json\/wp\/v2\/pages\/102\/revisions\/1544"}],"up":[{"embeddable":true,"href":"https:\/\/manuelportela.es\/nutricionista\/wp-json\/wp\/v2\/pages\/92"}],"wp:featuredmedia":[{"embeddable":true,"href":"https:\/\/manuelportela.es\/nutricionista\/wp-json\/wp\/v2\/media\/1198"}],"wp:attachment":[{"href":"https:\/\/manuelportela.es\/nutricionista\/wp-json\/wp\/v2\/media?parent=102"}],"curies":[{"name":"wp","href":"https:\/\/api.w.org\/{rel}","templated":true}]}}